pose 6 = -n + w*n. List the prime factors of n.
3
Suppose 0*r - 3*j - 33 = -3*r, r - 2*j = 10. Let y = 24 - r. List the prime factors of (3/2)/(2/y).
3
Let a(r) = -2*r + 11. Let p be a(10). Let c = p + 30. What are the prime factors of c?
3, 7
Suppose 0 = 2*w + 2, 2*w = -2*l + 7*w + 123. List the prime factors of l.
59
Suppose -144 = -5*q + 61. List the prime factors of q.
41
Suppose d + 5*c - 44 = 3*c, -2*d + 100 = -2*c. What are the prime factors of d?
2, 3
Let g be 3/(-2)*(-16)/(-12). Let z be g/5 + 68/20. Suppose 3*j - 4*h - 81 + 10 = 0, -z*h = j - 2. List the prime factors of j.
17
Let k = 123 + 0. List the prime factors of k.
3, 41
Let c(x) be the second derivative of -x**3/2 - 4*x**2 - x. Let d(j) = -j**3 + j**2 + 5*j - 3. Let k be d(3). What are the prime factors of c(k)?
2, 5
Suppose 208 = 4*d - 4*z - 172, -4*d = -5*z - 380. What are the prime factors of d?
5, 19
Let l be (2 - 1)/((-2)/26). Let i = l + 22. List the prime factors of i.
3
Suppose -5 = -3*w + 10. Suppose 1 = -b + 5, -3*x - w*b = -164. List the prime factors of x.
2, 3
Let u = 40 - 69. Let d = u - -52. List the prime factors of d.
23
Let s = -46 + 88. List the prime factors of s.
2, 3, 7
Suppose 18*t = 13*t - 40. List the prime factors of (t/2)/((-6)/39).
2, 13
List the prime factors of ((-21)/2)/(-3)*10.
5, 7
Suppose -4*g + 293 = 2*q - 63, 0 = -3*g + 5*q + 241. Suppose g - 2 = 5*n. List the prime factors of n.
17
Let g = -28 + 42. Let c = -10 + g. List the prime factors of c.
2
Let a(f) = f**3 - 5*f**2 - 2*f - 2. Let l be a(5). Let y(w) = -3*w**2 + 2*w + 4. Let k be y(3). Let i = l - k. What are the prime factors of i?
5
Let l = 507 + -337. What are the prime factors of l?
2, 5, 17
What are the prime factors of 10/(-8)*44*-1?
5, 11
Suppose -3*a = -4*a - 1. List the prime factors of (-8 + a)/(2/(-2)).
3
Let j = 23 + -5. Let z = 3 + j. What are the prime factors of z?
3, 7
Let n(q) be the first derivative of 3*q**3 + q**2/2 - q - 3. What are the prime factors of n(1)?
3
Let t(k) = k + 8. Suppose -2*f + 4*w = -11 + 3, 4*f + 2*w + 34 = 0. Let o be t(f). Let p(j) = 4*j. List the prime factors of p(o).
2
Let v be ((-5)/(15/(-6)))/(-2). Suppose o + 16 = 5*o. Let q = o + v. List the prime factors of q.
3
Suppose 5*p = 99 + 116. What are the prime factors of p?
43
Let n(y) = y**2 - 2*y + 3. Suppose f - w + 5*w = 8, f = 2*w + 2. Let p = -1 + f. What are the prime factors of n(p)?
2, 3
Suppose v = 5*v - 8, 3*v + 10 = 4*i. Suppose i*y = -0*y - 88. Let z = 39 + y. What are the prime factors of z?
17
Let j = -7 + 9. Suppose d + j*n = -3*d - 38, 5*d + 4*n = -55. Let c(i) = i**2 + 4*i - 9. What are the prime factors of c(d)?
2, 3
Let q be (4/(-5))/(10/(-25)). Let t(x) = -x**2 - 6*x + x**2 - x**q. List the prime factors of t(-5).
5
Suppose 2*u = -u - 21. Let y = u + 12. List the prime factors of y.
5
Let a be ((-12)/8 - -2)*16. What are the prime factors of ((-44)/a - -3)*-22?
5, 11
Let g = -437 + 702. List the prime factors of g.
5, 53
Let j be (-1140)/(-48) - (-1)/4. Suppose 60 = 4*o - j. List the prime factors of o.
3, 7
Let b(d) = 6*d**3 + d**2 - d. Suppose 1 = 3*k - 8. Suppose 2*t + 8 = -5*n, -5*t - 2*n - k*n - 5 = 0. List the prime factors of b(t).
2, 3
What are the prime factors of 1/(-3)*111*(5 + -6)?
37
Suppose 0*u + u - 34 = 0. What are the prime factors of u?
2, 17
Let y = 18 + -8. List the prime factors of y.
2, 5
Suppose 0 = 4*o + 5 - 25. List the prime factors of o.
5
Let a = -27 + 31. List the prime factors of a.
2
Suppose 4*v = 7*v - 60. Suppose -2*i + 3*m = -12, 7*m - 2*m - v = 0. What are the prime factors of (-1)/(i/15 - 1)?
5
Suppose u = -5*p, 4*u - 5*u = -5*p. Suppose -2*c = -p*c. Suppose g + c - 13 = 0. What are the prime factors of g?
13
Let m(z) = -5*z - 4 + 3*z + 11. What are the prime factors of m(-11)?
29
Suppose -494 = -3*s + 4*v, 6*v = 2*v - 20. What are the prime factors of s?
2, 79
Let x(h) = h**2 - 4*h - 4. Let y be x(3). Let v(z) be the second derivative of -z**4/12 - 7*z**3/6 + 2*z**2 - z. What are the prime factors of v(y)?
2
Let p = 4 - 3. Suppose 5*s - 19 = p. What are the prime factors of s?
2
Let k = 12 - -59. List the prime factors of k.
71
Suppose -194 + 35 = -3*m. List the prime factors of m.
53
Let h = -3 + 4. Suppose h = -b - 0*b. What are the prime factors of (b/2)/((-1)/24)?
2, 3
Let y = -8 - -25. List the prime factors of y.
17
Let f(b) = -b**3 + 6*b**2 - 4*b + 2. Let q = 6 - 1. Let x be ((-6)/q)/((-9)/30). What are the prime factors of f(x)?
2, 3
Let v(w) = -w**2 + 2*w. Let j be v(0). List the prime factors of 1 + 41 + (1 - j).
43
Suppose -2*f = -10, 2*i - 5*f = -3*i. List the prime factors of i.
5
Let h be (-5)/10*(-11 - -1). Suppose 0 = 2*j + 2*i - 55 + h, -2*i = j - 30. List the prime factors of j.
2, 5
Suppose 0 = 6*v - 653 + 143. What are the prime factors of v?
5, 17
Let t be ((-4)/6)/(2/(-6)). Let h be (t + 1)/(21/28). Suppose 4*m - h*a - 42 = 2*m, 0 = 2*m + 3*a - 28. List the prime factors of m.
17
List the prime factors of (2/(-3))/((-4)/30).
5
Let f(g) be the second derivative of g**3 + 6*g**2 - g. Let l(t) = t + 1. Let u(p) = f(p) - 8*l(p). What are the prime factors of u(-5)?
2, 7
Suppose 0*p = -2*p + 458. List the prime factors of p.
229
Let o = -11 - -30. Suppose 2*m - 29 = o. What are the prime factors of m?
2, 3
Let u = 6 - 4. Suppose -f - u*f = -27. Let z = 3 + f. List the prime factors of z.
2, 3
Suppose 13*y - 156 = 10*y. List the prime factors of y.
2, 13
Suppose 3*l - 2 = 3*z - 47, -5*l = 2*z - 16. Suppose -4*s = 1 - z. What are the prime factors of s?
3
Let y = 0 - -3. Let p be 57*(y + (-21)/9). Suppose -p - 1 = -3*s. List the prime factors of s.
13
Suppose -5*b + 160 + 5 = -5*k, 2*k = b - 38. List the prime factors of b.
2, 7
Suppose r = -5*y + 59, r + 20 + 41 = 5*y. Suppose -h + 2*h + 5 = 0, -3*h - 105 = -3*j. List the prime factors of y/j + 33/5.
7
Suppose 5*l - 4 = -k + l, 4*k = 4*l + 36. Let g = k + 1. List the prime factors of g.
3
Suppose -15 = -2*j + 11. Suppose 3*x - q = -0*q - j, q = 1. Let w = x + 6. List the prime factors of w.
2
Let u be 4 - (-3 + (-8)/(-2)). Suppose -2*p - 4*d + 10 = 0, -u*p + 0*d + 35 = -4*d. What are the prime factors of p?
3
Suppose 0 = -3*h + 41 + 7. Let r = -10 + h. List the prime factors of r.
2, 3
Suppose 16 = -4*m, 2*q - 86 = 3*m - 4*m. Suppose -3*t - q = -6*t. What are the prime factors of t?
3, 5
Let w = -9 - -24. Suppose -5*q = -w - 25. Suppose -2*b + q = 0, 0*v - 2 = -2*v + b. List the prime factors of v.
3
Let t(k) = -29*k + 1. Let w be t(-1). Suppose r - 20 = 3*l, 3*r - w = 4*l + r. Let f = l - -11. What are the prime factors of f?
2, 3
Let h(g) = -2 + 7*g**2 + 4*g + g**3 + 4 + 3*g - g. Suppose 4 = -3*y + 19, r + 1 = -y. What are the prime factors of h(r)?
2
Let w(f) = -3*f + 4 - 6 + f**2 - 2*f. Let m(i) = -i**2 - 8*i. Let n be m(-7). What are the prime factors of w(n)?
2, 3
Suppose -2*j + 200 = 2*j. Suppose 3 + j = 3*i + g, 4*g = 20. List the prime factors of i.
2
Suppose -2*a = -28 - 92. Let u be (14 + -5)/((-3)/(-2)). Suppose y - u*y = -a. What are the prime factors of y?
2, 3
Suppose 2*z + 2*b + 4 = 0, z + 2*b + 17 = -2*b. Suppose z*x + x - 20 = 0. What are the prime factors of x?
5
Let x = -13 + 21. Suppose -x*z + 40 = -3*z. List the prime factors of z.
2
Let j(v) = -v**3 + v + 40. Suppose 16 = 3*l - 4*o - 0, 3*o + 12 = -l. What are the prime factors of j(l)?
2, 5
Suppose -16*s + 1168 = -12*s. List the prime factors of s.
2, 73
Suppose 5*z = 3*z + 24. Let o = -9 + z. What are the prime factors of (-203)/(-21) - (-1)/o?
2, 5
Let z be (1 - 2) + 4 + -4. Let p be z/((-14)/(-5) + -3). Suppose -3*q - 15 = -2*k, 0 = -2*k + 3*k - 4*q + p. List the prime factors of k.
3, 5
Let z be 2/(-3)*(0 + -3). Suppose -5*b = z*w + 19, -2*b - w + 2*w = 13. Let c = 7 + b. What are the prime factors of c?
2
Suppose 2*g + 107 = 4*z - 41, z - 2*g = 37. List the prime factors of z.
37
Suppose 0 = -0*p + 5*p - 40. Suppose p = 4*y - 0*y. Suppose -3*f + 6 = y*q, 3*q - 14 = q - f. List the prime factors of q.
3
Suppose 0*l + 2*l = -20. Let c = 6 - l. List the prime factors of c.
2
Let b be 24 + (-4 - -1)*1. Let y = 5 + -12. Let n = y + b. What are the prime factors of n?
2, 7
Suppose 3*j - 194 = -5*k - 80, j - 38 = -k. Suppose -2*r = -3*u - 13 - j, 5*r + 3*u - 117 = 0. List the prime factors of 